 u - 11. Calculate the greatest common divisor of r and v.
2
Let x(m) = m**3 - 14*m**2 - 36*m + 89. Let r be x(17). Calculate the highest common factor of 774 and r.
86
Let m be 16/(10/(4 + 1)). Suppose -388 + 28 = -m*y. Suppose 3*g - 423 = -y. What is the highest common factor of 14 and g?
14
Let d(r) = -r + 14. Let m be d(8). Let u be m/5*(-100)/(-5). Suppose 2*l + l = 48. Calculate the highest common factor of u and l.
8
Let v be 110/66*12*9. Suppose 5*w = -w + v. Let c be (-1724)/(-10) + (-12)/w - -3. What is the greatest common divisor of c and 70?
35
Suppose 3*b + 1030 = o - 6471, -2*o - b = -14953. Calculate the greatest common factor of 68 and o.
68
Let f = -70 - -102. Suppose 10*i + 7840 = 45*i. Calculate the greatest common divisor of f and i.
32
Suppose 13*i = f + 8*i - 23, 5*i = -4*f + 217. Let n be (-11)/(-2) - f/32 - -12. What is the highest common factor of n and 2?
2
Suppose 0 = -5*o - 5*f - 5, 0 = -o + 3*o + 5*f + 5. Let k be o/((-6)/6) - -3. Calculate the greatest common divisor of k and 27.
3
Let l = 133 + -140. Let k(u) = 8*u + 60. Let j be k(l). Calculate the highest common factor of j and 18.
2
Let o(n) = -26*n - 22. Let p be o(-2). Let w = -171 + 262. Let i be 1391/w + 4/(-14). Calculate the greatest common factor of i and p.
15
Let t(g) = 2*g**3 - g**2 - 6*g + 5. Let c be t(5). Let h = 310 - c. Suppose -5*f - 677 = -727. Calculate the highest common divisor of f and h.
10
Let k be ((-24)/36)/((-10)/10545). Calculate the highest common factor of k and 148.
37
Let x(n) = 72*n**2 + 38*n + 18. Let l be x(-2). What is the greatest common divisor of l and 60?
10
Let o(d) = 17*d**2 + 117*d + 117. Let c be o(-1). Let f(x) = x**3 + 12*x**2 - 15*x + 8. Let s be f(-13). What is the highest common divisor of s and c?
17
Let z be ((-10)/2)/((0 + -27)/378). Calculate the greatest common divisor of 3310 and z.
10
Suppose 3*h - 41465 - 59997 = -4*f, -2*f + 169066 = 5*h. What is the greatest common divisor of h and 15?
15
Suppose 286 = g - 4*b, -4*g - 43*b = -39*b - 1184. Let k be (g/24)/(2/56). What is the greatest common factor of k and 49?
49
Suppose 3*t + 191 = 2*q, -5*q - 124 + 554 = 2*t. Let x be (-132)/2*(-1)/2. Suppose 29*k = x*k - q. What is the highest common factor of k and 44?
22
Suppose -5*q - 3959 + 4384 = 0. What is the greatest common factor of 3383 and q?
17
Let r = -1 - -4. Suppose -r*x + 0*x = -15. Let b be (44/4 - (-12)/6) + (19 - 27). What is the greatest common divisor of x and b?
5
Let w(x) = -x**3 - 8*x**2 - 9*x - 14. Let s be w(-7). Suppose 5*n - 6*n = 5*i - 58, s = 5*n - 5*i - 170. Calculate the highest common factor of n and 114.
38
Suppose -z + 11 = -2*x, 71*x - 73*x = -4*z + 92. Calculate the greatest common factor of 600 and z.
3
Let a(r) = r**3 + 10*r**2 + 25*r + 149. Let m be a(-9). Let v be 100/(-15)*3/(-2). Suppose -3*h + 5*h = v. What is the highest common divisor of h and m?
5
Suppose -306 = -5*r + y, 166 = 9*r - 6*r - 5*y. Suppose 12*s - 10*s = -q + r, 0 = 4*q - 2*s - 238. What is the highest common factor of q and 210?
30
Suppose -3 = -b - 2*u, 2*u + 9 = 3*b + u. Suppose b + 53 = 4*t. Let g be ((-7)/(-2)*-12)/(-3 + 2). Calculate the greatest common divisor of g and t.
14
Let y = 14939 + -13315. What is the highest common divisor of y and 58?
58
Suppose x - 154 - 25 - 373 = 0. What is the highest common factor of 72 and x?
24
Suppose q + 270 = 4*q. Suppose 52*s = 51 + 3693. What is the greatest common factor of s and q?
18
Let d = -9 + 15. Let s = 6275 - 6158. Calculate the highest common factor of d and s.
3
Let u be (-666)/(-54) - 12 - -4*52180/24. Calculate the greatest common divisor of 156 and u.
39
Suppose -11380*p = -11372*p - 10224. What is the highest common factor of p and 3621?
213
Let z(q) be the first derivative of -1/2*q**2 - 8 + 5*q. Let y be z(-4). Calculate the greatest common divisor of 27 and y.
9
Suppose 0 = 4*b - a + 404, 2*b + 82 + 102 = -4*a. Let r be ((-132)/(-14) + -2)/(b/(-350)). What is the highest common factor of r and 286?
26
Let k = -267 - -81. Let v = k + 230. What is the highest common divisor of 352 and v?
44
Let f = 536 + -546. Let w be f/70 + (-40)/14 - -199. Suppose -l = -14 - 14. Calculate the highest common factor of l and w.
28
Suppose d + 1 = 0, 25 = -4*u - 0*u + 3*d. Let l be ((41*-28)/u)/(2/1). Let y = l - 70. What is the highest common divisor of 6 and y?
6
Let i be ((-8)/12)/(1/(-36)). Let q(l) = l**2 - 10*l + 11. Let r be q(11). Suppose 2662 - 814 = r*m. Calculate the greatest common divisor of i and m.
12
Let t = 59606 - 26285. Calculate the highest common factor of 87 and t.
87
Let r = -22683 - -29324. What is the highest common factor of r and 116?
29
Suppose 22*o - 125728 - 127397 = -23*o. Calculate the highest common divisor of 150 and o.
75
Let q = -7006 + 7014. Calculate the highest common factor of 76 and q.
4
Let p = -305 - -301. Let s be (-29)/(-2) + 10/p. Calculate the greatest common factor of 60 and s.
12
Let w = -289 + 490. Let r = 311 - w. Let d = 170 - r. Calculate the greatest common factor of d and 24.
12
Suppose t = 47 + 15. Let d(g) = 13*g + 1 - 4*g - 26. Let l be d(20). Calculate the highest common divisor of t and l.
31
Suppose 3*m = 38 - 26. Suppose m*l + 90 = -4*a + 9*a, 2*l - 18 = -a. Let u = 17 - 8. What is the greatest common factor of u and a?
9
Let a be (-32)/(-6 + 5) - -2. Let m = 510 + a. What is the highest common divisor of m and 68?
68
Suppose -f = -2*f + 16. Suppose 7*h + 15768 = 25*h. Suppose -5*c + u = -h, -166 = -c - 2*u + 18. Calculate the greatest common divisor of c and f.
16
Suppose 37*x - 6704 - 2879 = 0. Calculate the greatest common factor of x and 111.
37
Suppose -y + 38*n = 42*n - 39, n - 3 = 0. Suppose -2*s = 3*j - y, 5*s - 3*j = 6 + 30. What is the greatest common divisor of 234 and s?
9
Let o = 216 - 137. Suppose -4*m - 7*p + 10*p = -o, -2*m - 4*p = -56. Calculate the greatest common factor of m and 814.
22
Let z(h) be the first derivative of h**2/2 - 5*h - 1. Let i be z(6). Let c be (-24)/(-60) - 1219/(-115). What is the highest common divisor of i and c?
1
Let q = -2 - -6. Let i be (-93)/(-4) + -1 + (-132)/(-176). Suppose -5*c + i + 7 = 0. Calculate the highest common divisor of q and c.
2
Let f be (30/(-8))/(789/(-1146680)). What is the greatest common factor of f and 10?
10
Let l be ((-3753)/(-36))/((-6)/(-16)). Let b = 366 - l. Suppose 4*a + 4 - 92 = 0. What is the highest common divisor of b and a?
22
Let n = -1868 + 2006. Calculate the highest common divisor of 368 and n.
46
Let z = -18789 - -18797. Calculate the highest common factor of z and 1208.
8
Let u(g) = -g**3 - 26*g**2 - 30*g + 5. Let t be u(-25). Calculate the highest common factor of 234 and t.
26
Let y = 1182 - 722. Suppose 0*x + 2*k - 606 = -4*x, 4*k + y = 3*x. What is the highest common divisor of 32 and x?
8
Suppose 370 - 3910 = -6*n. Calculate the greatest common divisor of 5192 and n.
118
Suppose 39 + 44 = 41*s - 368. Calculate the highest common factor of 18 and s.
1
Let p = 6558 + -6540. Calculate the greatest common divisor of p and 405.
9
Let r(s) = s**2 - 2*s - 4. Let z be r(-4). Suppose p + 21 + 67 = 0. Let n = p - -93. What is the highest common factor of z and n?
5
Let x(i) = -86*i + 118. Let z be x(6). Let w = z + 462. What is the highest common divisor of 48 and w?
16
Suppose 7697 + 4471 = 18*a. Suppose 16*w - 3*w = a. What is the highest common divisor of 117 and w?
13
Let d be 1/12*-3 + (-225)/(-20). Suppose 5*s - 2*k = 76, -26 = d*s - 12*s - 5*k. Suppose -22 = 2*n - 310. What is the highest common divisor of n and s?
16
Suppose r - 330 = 4*k, -5*r - 5*k + 1362 = -r. Let x = 578 - r. What is the highest common divisor of 192 and x?
48
Let g = 23 + 109. Let q = g - 76. Suppose 2*b - 6*v - q = -2*v, v = 4*b - 98. Calculate the highest common factor of b and 264.
24
Let h be (-347)/(((-4)/(-174))/(14/(-21))). What is the highest common divisor of h and 29?
29
Suppose 65*z - 40896 = -6*z. What is the highest common factor of 504 and z?
72
Let k(m) = -m**3 - 34*m**2 + 34*m + 189. Suppose -l = -6*l + 20, 0 = -3*f - l - 101. Let c be k(f). What is the greatest common factor of c and 84?
28
Suppose -455 = -5*p - 60. Let d be (-8)/28 + (-54765)/(-3)*1/21. Calculate the greatest common divisor of d and p.
79
Let i = -5433 - -